at is the value of (-4 - 44) + (210 - 187)?
-25
What is 116 + -109 + -2 + -21?
-16
Calculate 9 - (1 + -3) - (32 - 46) - 4.
21
Calculate 1 + (3 - (15 + -8)) + 12.
9
What is the value of (10 - 2) + -15 + 20?
13
What is 15 - (6 + -2 + (105 - 109))?
15
Calculate -4 + 7 + (-1 - (1 + -2 - -3)).
0
-14 + (3 - 1) - -14 - (8 + -1)
-5
What is -5 + 6 - -2 - (-12 - (-5 + 5))?
15
Evaluate -25 - (1 + 4 - (9 + -4 - -6)).
-19
Calculate (-39 - -45) + -2 + 3 + -14 - -16.
9
What is 10 + (2 + (-12 - -9) - 25)?
-16
What is the value of 1 - 5 - (-20 + -4 - -24)?
-4
Calculate -27 - (-27 - (15 - 16)).
-1
What is 19 - (-14 + 47 - 14)?
0
(19 - (-6 - -17)) + -13 - -7
2
Calculate 4 + (11 - 21 - -31) + -5.
20
Calculate (-4 - 2 - -7) + (2 - 13).
-10
What is the value of -1 - -1 - (3 - (1 - (5 + 4)))?
-11
What is 3 + (30 - (-9 + 4)) + 32 + -39?
31
Evaluate 62 - 62 - (0 + -15) - (-5 - -15).
5
Calculate 7 + 11 + (-1 - 9).
8
What is (10 - (-11 - -5)) + (-171 - -169)?
14
What is the value of -7 + 0 + -2 - (-263 + 250)?
4
What is the value of 3 + 2 + -7 - -4?
2
Evaluate -17 - (-2 - (-14 - -7) - 6).
-16
What is the value of 18 - 38 - (-1 + -26)?
7
Calculate (9 - -53) + -28 + -9.
25
What is the value of 16 - (127 - 113 - (18 + -1))?
19
What is the value of -10 + 8 - 4 - 2?
-8
What is the value of (2 - (11 + -25)) + -12?
4
What is (94 - 84) + -7 + 17?
20
Calculate 4 - (7 - (-2 + -8)) - (18 + -14).
-17
9 - (3 + -1 + (-7 - -9))
5
What is 30 + -21 + -25 + 18?
2
What is the value of -19 + 44 + -21 - -3?
7
What is -3 + -1 + 5 + 10 - -4?
15
What is 0 + 20 - (-240 + 253)?
7
Calculate 4 + -3 - 9 - -13 - (1 - -2).
2
What is the value of -6 + (2 + -10 - -16 - 13)?
-11
Evaluate -2 + -9 + (-24 - -57) + -10.
12
What is -14 + (-25 - -13 - (-38 + -2))?
14
Evaluate 11 + (20 - -2) + -21.
12
Calculate 22 - (-3 + -4 - -49).
-20
-9 + (34 + -12 - 16)
-3
What is 19 + (-13 - 24) + 3?
-15
What is -8 + -9 + 3 + -9 + 2 + 6?
-15
Evaluate 0 + (4 - 2) - (-19 - (-3 + -3)).
15
3 + (-21 - -4) - (-7 - -26 - 24)
-9
What is (-6 - (5 - 12)) + -1 + 5?
5
What is -17 - ((-8 - -34) + -4)?
-39
Calculate (-90 - -84) + (-4 - ((0 - 1) + 0)).
-9
What is the value of -13 + (-3 + 8 - 0) + 7?
-1
Evaluate (14 - (58 + -13) - -11) + -5.
-25
Calculate 15 + (-6 - 0) + -5 - (-8 + 2).
10
What is 5 - (17 + (-13 - 9))?
10
Calculate -7 - (-7 + (-9 - -6) + 0 - -11).
-8
Calculate 3 + 0 + -13 + 14.
4
Calculate 60 + -2 + -37 + 2.
23
What is -19 + (-2 - -2 - (-5 + -7)) + -5?
-12
What is (1 - 9) + (13 - (-5 + 2))?
8
What is the value of (1 - -1) + 11 - (228 - 223)?
8
20 - (27 - (-10 - -27))
10
What is (-59 - -49) + (0 - (17 - -2)) - 0?
-29
What is the value of (-15 - -32) + 0 + 1 + -2 + -4?
12
-1 - -33 - (-617 + 639)
10
Evaluate (-33 + -5 - -12) + 7.
-19
-16 + -3 + (-32 + 53 - 40)
-38
Calculate 20 - (19 + -28 - 1).
30
Evaluate 22 + -60 + 32 - -26.
20
Calculate 31 + (-7 - (-27 + 11)) + -19.
21
(2 - (11 + (8 - 17))) + -2
-2
Evaluate 5 + (-26 + 14 - 0) - -23.
16
Calculate (-10 - (-10 + 7 - -1)) + 2.
-6
What is the value of 2 + -4 + -6 + 14?
6
What is the value of 9 + 3 + -6 + 4 + (-9 - 0)?
1
Evaluate (5 + (-4 - -3) - 2) + -3 + -5.
-6
11 + (0 + 17 - (27 - 16) - 8)
9
Calculate 2 + (31 - 5) - 12.
16
What is the value of 4 - (7 + (5 - 12) + -7 - -8)?
3
-9 + (-9 + 14 + -24 - 9)
-37
What is 18 + (-58 - -55) + (2 - (1 + 2))?
14
What is (-18 - (16 - 45)) + -41?
-30
What is 97 + -90 - (36 + -1 - 2 - 0)?
-26
Calculate -58 + 34 + (7 - (3 - 1)).
-19
(-12 - -3) + (28 + -9 - 7)
3
(10 - (8 - (-3 - 4))) + -12
-17
Evaluate 60 - 61 - ((1 - 0) + (1 - -11)).
-14
What is 10 + -31 - -35 - 10?
4
What is the value of 21 + (13 - 30 - ((-3 - -3) + -7))?
11
Evaluate -1 - -5 - (-7 - -14) - (0 - 23).
20
What is the value of 13 - (1 + 26) - (-36 + -1)?
23
Evaluate 26 + -19 - 9 - (1 - (1 + -4)).
-6
Evaluate 149 + -149 + 0 + 9.
9
-1 + (-3 - 2) + (-9 - (-1 - 0))
-14
Calculate -11 + 33 + -5 - -3.
20
What is the value of (-2 - (-2 - 12)) + -25?
-13
Evaluate (1 - (-6 + 5)) + (-3 - -7).
6
Evaluate (-351 - -330) + (-2 - -35).
12
-6 + (-10 + 4 - -12) + 0 + -4
-4
Calculate (1 - 0 - 3) + -759 + 756 - -28.
23
(-1 - -1) + -3 + (-392 - -384)
-11
Evaluate -3 - -9 - (-56 + 51).
11
What is -11 - ((4 - -8) + -18)?
-5
What is the value of 7 - (5 + (1 - -8) + -5)?
-2
1 - (31 - (38 + -17))
-9
What is the value of 1 + 1 - (-30 - (-5 + -13))?
14
What is the value of -13 - (-3 - -2) - (37 - (0 + 43))?
-6
Calculate -6 - (-24 - (0 + (-5 - 3))).
10
-8 - 6 - (-4 - 3) - (-6 + 10)
-11
What is (-2 - 5) + (-15 - -17 - 6)?
-11
Evaluate (3 - -1) + 0 - (296 - 306).
14
Evaluate 206 + -245 - ((-4 - 6) + 1).
-30
Calculate (-18 - (-8 + 3)) + (-3 - -36).
20
Calculate -7 + 6 + -3 - (12 + -3).
-13
Evaluate 25 + (-12 - (-13 + 42)).
-16
What is the value of -32 + 19 + 9 + 1?
-3
What is the value of 2618 + -2626 - (0 + -4 + 0 + -1)?
-3
What is -19 + (15 - -12) - 13?
-5
Calculate 10 + (4 - 11 - -1).
4
12 - (4 + (21 - 23))
10
Evaluate 2 - 19 - (-219 - -216).
-14
What is the value of (1 - 4 - -4) + 5 + (-1 - 4)?
1
What is the value of -3 + (9 - 8 - 7) + (-11 - -3)?
-17
Evaluate 0 + 0 + 1 + 13 + -14.
0
Calculate -5 + 14 + -5 + 10.
14
What is -3 + (8 - 4) + 4 - -3?
8
What is 11 + -5 + -1 + -223 + 236?
18
Calculate (12 - 9) + (-12 - -4) + 7.
2
What is (-14 + 15 - (-8 + 1)) + -14?
-6
Evaluate 1 - (-15 + 12) - (-5 + -1).
10
Calculate (-5 - -2) + -4 + (13 - (-10 + 3)).
13
What is the value of -1 - -29 - (323 - 285)?
-10
What is (-4 - 0 - -3) + -9 + 7 + 2?
-1
Calculate -25 + 20 + (11 - -11).
17
35 + (1 - -2) + (-5 + -15 - -12)
30
Calculate 17 - -1 - (-3 + 2 + 7).
12
Calculate -17 + 4 + (-6 + 8 - 0).
-11
Evaluate (-32 - -2) + (10 - (4 - 16)) + -15.
-23
What is (-29 - -34 - (10 - -4)) + 17?
8
What is the value of 8 - (-10 + (-4 - -16) + -14)?
20
Evaluate (8 - (3 - (9 + -5 + -8))) + 6.
7
Calculate -26 + (25 - (0 + 4)).
-5
What is the value of -4 + (-14 - -24) + (2 + 0 - 5)?
3
What is -4 + 4 + -15 + 26 + -22?
-11
Evaluate 8 - (35 + -18) - (-4 + -1 + 0).
-4
What is -32 - (-27 + 66 - 62)?
-9
Evaluate 24 + 6 + -20 - (-1 - -12).
-1
What is 26 - ((1 - -8) + 88 + -97)?
26
Evaluate (-4 - (3 + 7 - 13)) + -12.
-13
What is (9 - (20 + -1 + -8)) + 4?
2
Evaluate -13 - (7 - 15) - -9.
4
Evaluate -4 - 1 - (14 - 1).
-18
(6 - -2) + 1 - (-54 - -67)
-4
5 + (0 - 4) + (7 - -3) + -4
7
-6 + (-10 - (-2 - 4)) + 21 + -49
-38
-2 - ((5 + -6 + 3 - -4) + -15)
7
Evaluate (2 - 1) + -15 + (-38 - -41).
-11
Evaluate 17 + 16 + -35 + -1 + 14.
11
Calculate 5 + (-6 - (-2 + -6)).
7
What is the value of -62 - -60 - ((-40 - -1) + 9)?
28
What is the value of 4 + (3 - 3) + -2 + -6?
-4
What is the value of 7 + (-12 - -14) + -12?
-3
Calculate 2 - (10 + -4 + 5).
-9
Calculate (13 - (7 - 0)) + -2 - 9.
-5
What is -21 - 1 - ((-14 - -23) + -11 + 2)?
-22
Evaluate -14 - ((-1 - -3 - 34) + -7).
25
What is -1 + (12 - -16 - 12) + 4?
19
Evaluate -20 + 0 + 53 - (1 - 2).
34
What is (9 - -1) + (4 + -67 - -24)?
-29
Calculate -15 + (-4 - -4) + 29.
14
Calculate 0 + 2 - (4 + 8 + (-4 - -5)).
-11
Evaluate 3 - ((-3 - -3) + -3 + 5 + 0).
1
What is the value of -1 + 2 + (20 - 5) + -24?
-8
Evaluate 16 - (-12 + 1 - -28).
-1
What is -12 - -1 - (-4 + (-4 - (-3 + -2)))?
-8
Evaluate (-9 - 1) + (-28 + 10 - -34 - -3).
9
8 + 14 + -12 + -19
-9
Evaluate 44 + (-10 - 19) + -51.
-36
Evaluate 402 + -419 + 16 + 1 - -4.
4
Evaluate (9 - 3) + (1 + 4 + -7 - 35).
-31
What is (-12 - (6 - 15)) + (0 - 0 - -28)?
25
What is 20 + -15 - (-6 + (1 + -3 - -3))?
10
What is 1 - -24 - (-34 + 55)?
4
Evaluate (-2 - -19) + 9 + -28.
-2
Evaluate (5 - 3 - 1) + -4 - -1.
-2
(16 - 0) + (-426 - -409)
-1
What is -14 - (-34 - (-5 - 5))?
10
Calculate 17 + -10 + -50 + 15 + 3 + 3.
-22
Calculate 49 + -9 + -35 + (0 - (-1 + 10)).
-4
Evaluate (17 - 34) + 7 + 23.
13
Calculate -22 - (5 + -6 + -9) - (2 - -1).
-15
Evaluate (14 - (33 + 1)) + 4 + 0.
-16
Calculate 3 + -10 + -10 + 9 + -3 + 16.
5
What is the value of -6 + 17 + -30 + 11?
-8
5 + -19 + -24 - (3 - 18)
-23
Evaluate -60 + 45 + (-1 - -1) + (11 - 1).
-5
Evaluate -34 + 10 + -24 + 52.
4
Calculate 18 - ((-10 - -38) + -12).
2
-17 - -12 - (12 - (-2 - 2))
-21
13 - (11 - (-4 + 4)) - 39
-37
Calculate -8 - (9 - (13 + -13)).
-17
Evaluate (-28 - (17 - 54)) + (-3 - -2 - 17).
-9
Evaluate 39 - 27 - -3 - 8.
7
1 + -7 + 12 + -3
3
Evaluate 5 + -2 - 5 - (-5 - 6 - -21).
-12
What is (-13 - -4) + -1 + (2 - 3)?
-11
Evaluate -3